 d(i)?
-5
Let x(i) be the third derivative of -i**4/8 - i**3/6 - i**2. Let g(s) = -3*s - 1. Let q(p) = -5*g(p) + 4*x(p). Suppose 5*d = 10, d - 1 = w + 4. What is q(w)?
-8
Let t(s) = -s**3 + 9*s**2 - 16*s + 18. Let n be t(5). Let m = 38 - n. Let q(j) = -j**2 + j - 9. What is q(m)?
-9
Let u(s) be the third derivative of s**5/60 + s**4/8 + s**3/6 - 83*s**2. Calculate u(-4).
5
Let c(w) = 4*w**2 - 2. Let t(a) = a**2 - 1. Let v(r) = -c(r) + 5*t(r). Let y(l) = -l**3 - 16*l**2 + 6*l - 16 + 2*l - 9*l. Let h be y(-16). Give v(h).
-3
Let z be ((-9)/(-18) + 1)/((-2)/4). Let n(t) = 2*t**2 + t. Give n(z).
15
Let j(p) = p**2 + 5*p + 1. Let t be j(-5). Let g(d) = 2*d - 4*d - 1 - t. Let x = -2377 + 2375. Calculate g(x).
2
Suppose -14*z + 26*z + 72 = 0. Let k(g) = -g**2 - 2*g + 7. Give k(z).
-17
Suppose -2 = -3*a - w, 2*a - 4*w = a - 21. Let s = a - -3. Suppose -s*b = -2 + 4. Let u(p) = 7*p**2 - 1. What is u(b)?
6
Let x(a) be the first derivative of a**3/3 + 5*a**2/2 - 5*a + 82. Determine x(-9).
31
Suppose 2*l = 6*l - 12. Let z = -79 - -81. Let b(t) = -t - 1 - 2*t**2 + 5*t - z*t**2 - l*t. Calculate b(1).
-4
Let t = -8 - -7. Let h(o) = -5*o**2 + 2*o + 1. Let j be h(t). Let d(b) be the second derivative of b**4/12 + 5*b**3/6 - 15*b. Determine d(j).
6
Let i be (-3*(1 + 84/18))/1. Let j(f) = f**3 + 18*f**2 + 16*f - 14. What is j(i)?
3
Let w(s) = -5*s**2 - 8*s**2 - 4*s**2 + s**2 + 19*s**2 + s + 1. Let j be 1/3 - 2/6. Suppose -5*b + a - 2 = j, -4*b - 4*a = -2*a + 10. Determine w(b).
3
Let r be 0 + 1*2/(-1). Let k(v) = -24610 + 2*v - 3*v**2 + 12301 - 2*v**3 + 2*v**2 + 12310. Determine k(r).
9
Let n(s) = -2 + 367*s + 4*s**2 - 4*s**2 - 370*s + 2*s**2. What is n(-3)?
25
Let p(n) = -n**3 - 5*n**2 - 10*n - 31. Let w be p(-4). Let h(j) = j**2 + 5*j - 5. Determine h(w).
9
Let o(g) = g**2 - g - 1. Let l(j) = -4*j**2 - 2*j + 8. Let k(r) = -l(r) - 3*o(r). Calculate k(-7).
9
Let w(u) = -u + 4. Suppose 0 = -3*j - 9, -15 = -4*x + 8*x + j. Give w(x).
7
Let k(v) = -v**2 + v + 1. Let o(p) = 5*p**2 + 2 + 0 + 0*p**2 - 6*p**2. Let f(q) = -3*k(q) + 2*o(q). Let s be 2/10 + 36/20. What is f(s)?
-1
Let v(y) = y**3 - y**2 - 4. Let o(d) = 10*d + 3. Let h be o(0). Determine v(h).
14
Let b(c) = -c**3 + 8*c**2 - 8 - 2 - 6*c + c**2. Let t(z) = 510*z + 1028. Let n be t(-2). What is b(n)?
6
Suppose 4*i + 3*f = -20, 4*i - 7*i - 15 = -f. Let x(c) = 2*c**2 + 6*c - 6. Give x(i).
14
Let d(y) = -y + y**3 - 182 + y**3 - 2*y**2 + 181. Calculate d(2).
5
Let v(s) = -s + 4. Let j be ((-28)/4)/((-1)/(-5 - -3)). Let a = 24 + j. Calculate v(a).
-6
Let y(p) = p**2 - 8*p + 4. Suppose -3*k - 4*g - 5 = -1, 3*k - 5*g - 32 = 0. Suppose m + z - 9 = 0, -2*m + 3*z = 3*m - 5. Let b = m + k. Calculate y(b).
4
Suppose 2*r - 2*n = -3*n + 4, -r - 5*n = 7. Let f(m) = -m - 3. Let a be f(-5). Let l(o) = -3 - o**2 + 5*o + 6 + 1 - a*o. Calculate l(r).
4
Suppose i + 5*h - 27 = 0, -3*i - 5*h + 9 = -8*h. Let y(m) = 3*m - i*m - 55 + 2*m + 54 - m**2. What is y(-4)?
-9
Suppose 0 = -2*h + 14. Let y(z) = z - 6. What is y(h)?
1
Let p be 4 - (-2 + -2)*-1. Suppose -9*x + 6*x = p. Let d(y) = -7*y**2 - 8*y + 2 - 1 + 0 + x*y**3 + y**3. Calculate d(8).
1
Let l(p) = -p - 11. Let c be 8*(6/4 + -1). Let r = -10 + c. Calculate l(r).
-5
Let k(t) = -8*t + 1. Let j(s) = -27*s - 1 + s**2 - 3*s**2 + 28*s. Let m be j(0). Give k(m).
9
Let r(l) = -5*l + 4. Let x = 4 - 7. Let b(v) = 11*v - 7. Let p be -40 - -36 - (2 + 0 + -1). Let u(f) = p*r(f) + x*b(f). Determine u(-1).
9
Let m(v) = -3*v**2 - 13*v + 13. Let g(k) = 3*k**2 + 33*k + 5*k**2 - 38 + 5*k. Let c(p) = -4*g(p) - 11*m(p). Suppose 0 = 2*r - 12. Determine c(r).
-9
Let m(w) = -5*w**2 - 11*w - 3. Let b be 0 + 7 + (-12)/3. Let z(u) = -4*u**2 - 10*u - 4. Let l(q) = b*m(q) - 4*z(q). Calculate l(-5).
-3
Let z(v) = -77 + 54 - v**2 - 4*v + 33. Give z(-7).
-11
Let f(z) = 30 + 32*z + z**2 + z**3 + 4*z**2 - 5 + 12*z**2. Calculate f(-15).
-5
Let k(d) = -d**2 - 2*d - 4. Let w be k(-2). Let x(t) = -t**2 - 6*t - 10. Calculate x(w).
-2
Suppose -81 + 9 = 12*m. Let r(p) = p**3 + 5*p**2 - 8*p - 2. Determine r(m).
10
Let g(y) = 11*y**2 - 10*y - 4. Let m(i) = 4*i**2 + i. Let s(c) = g(c) - 3*m(c). What is s(-10)?
26
Let a(s) = -14*s**3 - s. Let t be a(1). Let u be (-3)/(-9) + t/(-9). Let o(r) = 3 - 3*r - r**2 - r**u + r**2. Give o(-3).
3
Let j be 27/5 + (-4)/10. Let m(g) = -1080 - 5*g + g + g**2 + 1078. Determine m(j).
3
Let b = 2 - 4. Let f be (b + -4)*1*-1. Let j(h) be the third derivative of h**4/12 - 2*h**3/3 - 2*h**2 + 7*h. What is j(f)?
8
Let y(k) = k**2 - 9*k + 17. Let u be y(7). Let m(q) = 5*q - 9*q + u*q + q**3 - 12. Give m(0).
-12
Let q(p) = p**2 + p - 12. Suppose 0 = 50*f - 191 - 59. Give q(f).
18
Let t(r) = -14*r + 0*r**2 + 2*r**2 - 2 + 20 - r**2. Let g be t(13). Let a(n) = 3*n + 2. Determine a(g).
17
Let t(j) = -9*j**2 - 4*j. Let q = 314 - 315. Give t(q).
-5
Let d(b) be the second derivative of 0*b**3 - 4*b + 0 + 1/20*b**5 - 1/3*b**4 - 1/2*b**2. Suppose u + c + 4 = 4*u, -c = -5*u + 8. Calculate d(u).
-9
Let w(m) = 41 + 24 + 22 + 16*m + 11. What is w(-6)?
2
Let d(y) be the first derivative of -2*y**3/3 - 7*y**2/2 + 9*y - 49. Determine d(-7).
-40
Let h(b) = 2*b - 3. Let y = 105 + -106. Let t be y + 7 - 2/1. What is h(t)?
5
Let l(n) = -n**3 - 6*n**2 - 5*n - 4. Let x(c) = c**2 + 24*c + 21. Let k be x(-23). Give l(k).
-10
Let o(t) = 15*t**3 - 5*t**2 - 2. Let f(c) = -29*c**3 + 11*c**2 + 5. Let l(u) = 3*f(u) + 7*o(u). Calculate l(-1).
-19
Let o(f) = -f**2 - f + 4. Let y be o(0). Let a(l) be the third derivative of l**4/6 - l**3/2 - l**2 + 137*l. Determine a(y).
13
Let h be 1/(-4)*(-3 + -1). Let b(j) be the first derivative of -3*j**4/4 - j**3/3 + j**2 - j - 24. Determine b(h).
-3
Let q(j) = -8*j + 15. Let f(w) = 9*w - 18. Let v(o) = 5*f(o) + 6*q(o). Calculate v(4).
-12
Let s(d) = -d**3 - 33*d**2 + 71*d + 32. Let y be s(-35). Let t(m) = -14*m - 4. What is t(y)?
38
Let h(s) = s**2 + 9*s + 2. Let f = -1044 - -1036. What is h(f)?
-6
Let j(u) = 5*u. Let t(d) = -9*d - 2. Let k(f) = 7*j(f) + 4*t(f). Give k(-7).
-1
Let h(v) be the second derivative of v**4/12 - 4*v**3/3 - 3*v**2/2 - v. Suppose 11*x + 6 = 12*x. What is h(x)?
-15
Suppose -4*a - 4 = f, -7*a + 5*a + 4*f - 20 = 0. Let g(w) = -2 - 2*w + 4 - w - 7*w. What is g(a)?
22
Let s(v) = v + 2 - 5*v**2 - 9*v**2 + 15*v**2. Determine s(-5).
22
Let r(t) = -16*t**2 + 2*t - 1. Suppose 93*g - 138*g + 45 = 0. Calculate r(g).
-15
Let v(a) be the second derivative of a**4/6 - a**3/6 + 130*a. What is v(-2)?
10
Let q(b) = -10*b + 11. Let n(l) = l**2 + 11*l + 6. Let m be n(-7). Let o(r) = -2*r + 2. Let v(i) = m*o(i) + 4*q(i). Give v(2).
8
Let q(j) = -2479*j**3 + 2478*j**3 + 57*j - 3*j**2 - 51*j + 3. Suppose -3*o + 2*z - 8 = 8, -5*z = 5*o + 10. Give q(o).
-5
Let i(o) be the second derivative of o**5/20 - o**4/6 + o**3/6 - o**2 - 8*o - 1. What is i(2)?
0
Let o = -21 - -13. Let h(w) be the third derivative of -3/20*w**5 - 1/3*w**4 + 0 - 1/120*w**6 + 8*w**2 + 0*w - 2/3*w**3. What is h(o)?
-4
Let f(j) = -j**3 - 10*j**2 - 10*j - 4. Suppose -4*k + 3*c = 48, 0 = k + c - 2*c + 13. Let h be f(k). Let s(i) = -3*i - 2. Determine s(h).
-17
Let x(v) = -1. Let r(j) = -2*j**2 - j. Let n(k) = -r(k) + x(k). Let y(d) = -11*d**2 - 11*d + 1. Let q(b) = 6*n(b) + y(b). Determine q(5).
-5
Suppose 0 = -9*d - 5*d + 6*d. Let y(s) = d*s + 9*s + 1 + s**2 - 6 - 3. What is y(-9)?
-8
Let j be 174/4 + (-1)/(-2). Let b be -2 + (-3)/(-1) + 38. Let d = b - j. Let f(w) = w**3 + 4*w**2 - 5*w - 3. What is f(d)?
-3
Let x(j) = -9*j**3 - 27*j**2 + 9*j + 3. Let y(h) = -5*h**3 - 15*h**2 + 5*h + 2. Let f(i) = 4*x(i) - 7*y(i). Calculate f(-5).
43
Let c(u) be the third derivative of u**4/24 - 2*u**3/3 - 25*u**2. Determine c(4).
0
Let f be (4 + (-21)/5)/(10/(-150)). Let d(u) = -u + 5. Let l be d(3). Let x(j) = -j**l + 2*j - 2 + 5 + 0*j**2. Calculate x(f).
0
Let t(o) = o**2 + 5*o + 1. Let y be 50/4*(-7 - -9). Suppose 4*v = -3 - y. What is t(v)?
15
Let d(w) = -w**2 + 5*w - 2. Suppose -b = -2*i, -4*b - 2*i + 20 = -0*i. Give d(b).
2
Let y(k) = 6 - 4 - 85*k + 4 + 88*k. Give y(-5).
-9
Let f(x) be the third derivative of x**6/180 + 53*x**4/24 - 15*x**2. Let m(s) be the second derivative of f(s). What is m(-3)?
-12
Let v(o) be the third derivative of o**5/60 - 7*o**4/24 + 3*o**3/2 + 332*o**2. What is v(9)?
27
Let n(b) = 4*b. Suppose 4*m +